*5/a + 64/(-10). Give l(i).
1
Let u(c) be the third derivative of 0 - 1/2*c**3 - 56*c**2 + 1/3*c**4 - 1/60*c**5 + 0*c. Give u(8).
-3
Suppose 37 = 5*r + i + 3*i, 5*i - 20 = -r. Suppose 2 = -h + r*p, 0 = p - 6*p + 5. Let j(b) = 6 - 22*b**2 + 23*b**2 - h. Give j(0).
3
Let g(r) be the second derivative of -r**3 - 1/20*r**5 + 1/4*r**4 + 0 - 53*r + r**2. What is g(2)?
-6
Let z(m) = 0 + m**3 - 2*m - 4*m**2 - 2*m**2 - 2. Suppose 0 = -2*r - 2*l - 3*l + 26, -3*r - 2*l + 17 = 0. Suppose -q = -r*q + 12. Give z(q).
-14
Suppose 3*s - 2*q + 5 - 13 = 0, -2*q + 8 = 5*s. Let o(g) = -72*g**2 - 16*g - 20 + 32*g**2 - g**3 + 56*g**s + 2*g. Give o(15).
-5
Let h(t) = -t**2 + t - 47. Let x(f) = -f**2 - 15*f - 38. Let n(u) = -2*u**2 - 30*u - 77. Let s(y) = -2*n(y) + 5*x(y). Let c be s(-12). What is h(c)?
-47
Let i(b) be the second derivative of b**5/20 - 7*b**4/12 - b**3 + 5*b**2 + 67*b + 3. Calculate i(8).
26
Let a(o) = o**2 + 5*o + 10. Let u(r) = -r**2 - 5*r - 9. Let j(z) = -z - 36. Let s be j(-39). Let f(q) = s*u(q) + 2*a(q). Give f(-3).
-1
Suppose 12 = -0*n - 6*n. Let a(h) be the second derivative of -h**4/12 + h**3/3 - 49*h + 1. Calculate a(n).
-8
Let k(u) = -3*u**2 - 30*u - 25. Suppose j + 27 = -3*w, -8*w + 9*w = -j - 15. What is k(j)?
2
Let x = -15 - -76. Suppose 3*z - 63 = -0*a - 3*a, 3*a = -z + x. Let c be (5/a)/(2/8). Let m(t) = -18*t + 1. Calculate m(c).
-17
Let u(i) = 6*i + 4. Suppose 0*v + 20 = 5*v. Let l(p) = -7*p - 5. Let z(y) = v*l(y) + 5*u(y). Let m = 57200 - 57202. Determine z(m).
-4
Let l(b) = 3*b + 1. Let z(x) = -8*x - 3. Let i(r) = -2*l(r) - z(r). Let q(a) = -8*a - 8. Let o(c) = -5*i(c) - q(c). What is o(-6)?
15
